 3 + -1. Calculate the remainder when z is divided by a.
0
Suppose 2*l + 4 = -6. Let g(m) = m**3 + 6*m**2 + 2*m - 4. Suppose 0*j + 2*j = 40. What is the remainder when j is divided by g(l)?
9
Suppose -4*g + 290 = y, 2*g = -4*y - g + 1160. Suppose -2*f + 0*f = -y. Suppose f = 4*s + s. Calculate the remainder when s is divided by 15.
14
Let k(i) = 2 - 2 - 11*i + 0. Suppose -l + 3 = -0*l. What is the remainder when k(-1) is divided by l?
2
Let b = 2 + -2. Let d = b + 3. What is the remainder when 2 - -2*(3 - 2) is divided by d?
1
Let r(s) = 2*s + 0*s - 4*s. Let m be r(-7). Suppose 3*z - 13 - m = 0. What is the remainder when 25 is divided by z?
7
Let b(x) be the second derivative of -8*x**3/3 + 5*x**2/2 + x. Let p be b(-7). Suppose 4*a - p = 39. Calculate the remainder when a is divided by 10.
9
Let a = 57 + -5. What is the remainder when 153 is divided by a?
49
Suppose 6 - 84 = 3*u. Let x be u - 0/(-3 + 5). Let d = -16 - x. What is the remainder when 38 is divided by d?
8
Suppose 0 = 2*a + a - 5*z - 68, 2*a = 2*z + 40. Let g(n) = n**3 - 4*n**2 + 2*n - 5. Calculate the remainder when g(5) is divided by a.
14
Let f(g) = g**2 - 6*g + 8. Let b = -5 - -11. Calculate the remainder when 13 is divided by f(b).
5
Suppose -321 = -6*m + 315. What is the remainder when m is divided by 18?
16
Let h(j) = j**3 - j**2 - j + 266. Let w be h(0). What is the remainder when 2/6 - w/(-21) is divided by 5?
3
Suppose -3*k = -8*k + 4*h + 29, 3*h = -4*k + 48. What is the remainder when 34 is divided by k?
7
Let g be 0*(-1 + 8/4). What is the remainder when (-210)/(0 + -3) + g is divided by 24?
22
Suppose -x = 2*x - 66. Let l be (-3)/((-45)/6)*10. Calculate the remainder when x is divided by 3*l - (-3 + 3).
10
Suppose -5*g - 3*f = -203, -4*g + 2*f + 162 = 4*f. Calculate the remainder when 196 is divided by g.
36
Let o(y) = y**2 - y - 3. Let z be o(5). Let t = -1 + z. Calculate the remainder when t is divided by (-1)/(-5) - 87/(-15).
4
Let i = 20 + -18. What is the remainder when -3 + 0 - (-34)/i is divided by (-4)/(-10) - 23/(-5)?
4
Let u be (-12)/((-3)/((-9)/(-3))). Let r = u + -10. Suppose 5*j - 158 = -a + 186, 4*j - r*a - 278 = 0. Calculate the remainder when j is divided by 18.
15
Suppose 2*c + s + 2 - 54 = 0, -c + 29 = 2*s. Let w(y) = 1 + 1 - 3*y + 0*y. Calculate the remainder when c is divided by w(-4).
11
Let n = -39 - -52. Calculate the remainder when 38 is divided by n.
12
Let k(t) = -14*t**3 - 2 + 13*t**3 - 4*t**2 + 2*t**2 - 3*t. Let o(n) = -2*n**3 - 2*n**2 - 3*n - 3. Calculate the remainder when o(-2) is divided by k(-2).
3
Let i = 6 - 3. Suppose -3 = -f + i. Suppose 60 = f*r - 4*r. What is the remainder when r is divided by 11?
8
Suppose -2*r = l - 13, -4*r - 13 = 7*l - 8*l. Calculate the remainder when 89 is divided by l.
11
Let q = -4 - 4. Let l = q - -12. Suppose -2*u - l*t = -90, -5*t = -6*t + 4. Calculate the remainder when u is divided by 13.
11
Let b(f) = f**3 - 4*f**2 - f + 4. Let k be b(4). Suppose -4*w = -k*w - 28. Let t = 7 - 4. Calculate the remainder when w is divided by t.
1
Suppose -511 = -11*y + 314. What is the remainder when y is divided by 13?
10
Suppose 0*c + 9 = 3*c. What is the remainder when c is divided by 3?
0
Let t(y) = y**2 + 2*y - 10. Let z(u) = 2*u**2 + 6*u - 7. Calculate the remainder when t(6) is divided by z(-5).
12
Suppose 2*o = -u + 16, 0 = 5*u - 2 - 8. Let b(l) = 2*l**2 - 8*l + 4. What is the remainder when b(o) is divided by 12?
10
Let j = 3 - 1. Let m = -61 + 98. What is the remainder when m is divided by (1 - j) + 1 - -19?
18
Let m(g) = -g**3 - 3*g**2 - 6*g - 7. What is the remainder when 21 is divided by m(-3)?
10
Let o = 4 - -3. Suppose 2*y + 5 = 5*r, -4*r + 3*r - o = -2*y. What is the remainder when -7*1*(-3)/3 is divided by r?
1
Let t(h) = 6*h + 1. Suppose -2*k + 5*k = 3. Let p(r) = -r**3 + 4*r**2 + r - 2. Calculate the remainder when t(k) is divided by p(4).
1
Let i(c) = -c + 24. Calculate the remainder when 34 is divided by i(5).
15
Suppose 5*r = -108 + 388. Calculate the remainder when r is divided by 19.
18
Suppose -3*b - 5*u - 9 = 0, b = -b + 2*u + 10. Let n be b*(-1)/2*-5. Suppose 0 = -n*l - 0*l + 30. What is the remainder when l is divided by 4?
2
Suppose -4*s = -j - 0*j + 63, 3*j + 2*s = 231. Calculate the remainder when j is divided by (-13)/((1 - 2)/3).
36
Suppose -4*h - v + 5 = 0, v + 5 = 2. Let c(n) = 2*n**2 + 2*n - 3*n + 7 - n**h - 4*n. What is the remainder when 25 is divided by c(5)?
4
Let d = -20 - -29. Calculate the remainder when 25 is divided by d.
7
Let c(z) = 2*z + 9. Let t be c(-6). Let j be (t*2 - -1)/(-1). Suppose j*l = u + 49, -3*l - 31 = -6*l + u. Calculate the remainder when 26 is divided by l.
8
Let c(l) = 2*l**2 - 20*l + 3. Let x be (-1)/((-2)/2) + 15. Let h = 27 - x. Calculate the remainder when h is divided by c(10).
2
Let s be (1 - (1 + 0)) + 64. Suppose 4*z + 371 - 73 = -g, s = -z + 5*g. Let p = -27 - z. Calculate the remainder when p is divided by 16.
15
Suppose 28 - 128 = -2*m. Calculate the remainder when 149 is divided by m.
49
Suppose -157*m = -143*m - 140. Suppose -3 = -2*k + 7. Suppose 3*j = 5*s - 30, -4*s + k*j = -10 - 14. Calculate the remainder when m is divided by s.
4
Suppose -3*o + 5*s + 27 = 0, o - 4*s + 3*s = 11. What is the remainder when 37 is divided by o?
9
Suppose -2*c = 8*a - 3*a + 1, a = -4*c + 25. Suppose p - 7 + 2 = 0. What is the remainder when (p/15)/((-2)/(-114)) is divided by c?
5
Let n(u) = u**3 - u + 47. Suppose -2*z = -4*d + 3*z + 48, 3*z = -5*d + 60. What is the remainder when n(0) is divided by d?
11
Suppose j = -0*j + 14. Calculate the remainder when j is divided by 6.
2
Suppose -4*g = 7 - 31. Calculate the remainder when 22 is divided by g.
4
Let d be 18/(-4)*(-12)/(-9). Let t(g) = g**2 - 6*g - 11. Calculate the remainder when t(9) is divided by ((-6)/(-4))/((-1)/d).
7
Suppose -43 = 8*y - 603. What is the remainder when y is divided by 18?
16
Let d(c) = -7*c - 12. Calculate the remainder when d(-5) is divided by 9.
5
Suppose 6*i = 11*i - 20. Suppose i*d - 6*d = -2. Let y = -3 - -4. Calculate the remainder when y is divided by d.
0
Let n = -227 + 145. Let t = n - -127. What is the remainder when t is divided by 16?
13
Let o = -74 + 188. Suppose -o = -3*b - 0*b. Calculate the remainder when b is divided by 20.
18
Let z = -43 + 122. Calculate the remainder when z is divided by 36/(-27)*15/(-1).
19
Let s be -1*2 - (4 + -50). Suppose -2*x + s = -18. Calculate the remainder when x is divided by 8.
7
Let v be (6 - 2) + 4/(-2). Suppose g - 2*h = 3, 4*g + v - 19 = 3*h. Suppose 0*f + 22 = g*f - 3*r, 22 = 4*f + 2*r. What is the remainder when 14 is divided by f?
4
Suppose 2*l + 0*i = i + 25, 5*l - 62 = 3*i. Let f = -2 - -114. Let b = -75 + f. Calculate the remainder when b is divided by l.
11
Suppose 0 = -2*n + 7 + 1. Suppose 4 = n*x - 3*x. Suppose 3*s = -5*a + 60, 5*s - 60 = 10*a - 5*a. Calculate the remainder when s is divided by x.
3
Let w = 39 + 4. Calculate the remainder when w is divided by 16.
11
Let y be (2 - -7) + -2 - 2. Suppose 0 = -5*q + y, 3*q = 5*p - 2*q - 90. Let u = -10 + p. Calculate the remainder when 26 is divided by u.
8
Suppose 6 = -2*u - 0*u, 0 = -o - 3*u + 44. Calculate the remainder when o is divided by 14.
11
Suppose 0 = 3*z - 12, -a + 47 = -5*z - 37. What is the remainder when a is divided by 15?
14
Suppose 2*i + 5*o = -2 + 1, 0 = -4*o - 4. Suppose -v + y + 28 = 0, -i*v - 5*y = 3*v - 90. What is the remainder when 43 is divided by v?
20
Let m be 69/21 - 6/21. Suppose -m*j = j + 4*w - 32, -5*j - w = -28. Calculate the remainder when 8 is divided by j.
3
Suppose -3 = 4*w - 59. Suppose 0 = 2*q - w - 132. Calculate the remainder when q is divided by 19.
16
Suppose 4*b - 276 = -0*b. What is the remainder when b is divided by (-592)/(-24) - 2/3?
21
Let b = 6 - -29. Calculate the remainder when 69 is divided by b.
34
Suppose 4*z + 33 = 7*z. Calculate the remainder when 32 is divided by z.
10
Suppose 3*a - 9 = -7*p + 4*p, 4*p = -a. Calculate the remainder when ((-1)/(-2))/1*(4 - -10) is divided by a.
3
Calculate the remainder when 2497/44 - 1/(-4) is divided by 15.
12
Suppose 0 = 4*k - 6 - 14. Calculate the remainder when 8 is divided by k.
3
Suppose -25 = -5*m, 3*a + 2*m = -2*a + 475. Calculate the remainder when a is divided by 16.
13
Le